se 7*o + 5*c + 2 = 4*o, 40 = 4*o - 4*c. What is the greatest common divisor of g and o?
3
Let p be 3 + (0 - -2) + -1. Let d(m) = -4*m**3 + 4*m**2 + m**2 + 3*m**3 + p - 3*m. Let i be d(3). Calculate the greatest common factor of i and 52.
13
Suppose 0 = 2*m - 3*f - 1066, -m = -5*m - 4*f + 2112. What is the highest common divisor of m and 20?
10
Let k = -12 - -23. Let z = -414 + 469. Calculate the greatest common factor of z and k.
11
Let u = 12 - 12. Suppose u = 2*z - 10 - 50. Suppose i = 6*i + 5*t - 40, -3*i = -3*t - z. What is the highest common divisor of 99 and i?
9
Let k(m) = -2*m**2 - 10*m + 4. Let j be k(-6). Let f(o) = o + 20. Let i be f(j). Calculate the highest common divisor of i and 18.
6
Let s be ((-8)/(-2))/(-2) - -12. Let m = 8 - 9. Let h be m/(3*(-4)/120). Calculate the highest common factor of h and s.
10
Suppose 16*h + 23 - 167 = 0. What is the highest common divisor of h and 99?
9
Suppose 0 = 4*f + 4, 5*z + 2*f = 415 + 363. What is the highest common divisor of z and 104?
52
Let t(p) = 2*p - 20. Let q be t(11). Suppose q*u + 12 = 5*u. Suppose -4*x = 5*v - 309, x + u*x = v + 408. What is the highest common divisor of 9 and x?
9
Let r be (2 - 1)/(2/(-192)). Let f = -60 - r. Calculate the greatest common factor of 6 and f.
6
Let a(i) = i**2 + i + 20. Let r be a(0). Suppose 287*n - 266*n = 3360. What is the highest common factor of n and r?
20
Let z be (-4 - -12 - 14)*3*-2. What is the highest common factor of 12 and z?
12
Let q(b) = -b**3 - 1. Let a(c) = -c**3 + 17*c**2 + 6*c + 4. Let h(s) = -a(s) - q(s). Let x be h(9). What is the highest common factor of x and 60?
12
Let a(p) = -19*p - 178. Let r be a(-16). Calculate the greatest common factor of r and 90.
18
Suppose -6*b + 5*b - 4*s + 1097 = 0, 4*b = 2*s + 4424. What is the highest common divisor of 65 and b?
65
Let p be (4/1)/((-12)/(-210)). Let a(k) = -k**3 - 6*k**2 - 5*k - 6. Let v be a(-5). Let f be (9/v)/((-6)/112). What is the greatest common factor of f and p?
14
Let i be 203/4 + (-2 - 10/(-8)). Suppose -2*j = -4*d + 500, 428 - 53 = 3*d - 2*j. What is the greatest common divisor of i and d?
25
Let w(f) = -f**2 - f - 10. Let i be w(0). Let c(d) = -25*d + 5. Let o be c(i). Suppose o = p - 97. What is the greatest common divisor of p and 32?
32
Suppose 0 = 137*c - 138*c + 17. Calculate the greatest common divisor of 289 and c.
17
Let g be 2/10 - 1377/(-15). Suppose 5*p - g = -3*m, p - 88 = -3*m - 3*p. Calculate the greatest common factor of 8 and m.
8
Suppose -2*b - 14 + 32 = 0. What is the highest common factor of b and 225?
9
Let s be 6 - 2 - (-1 + 22)*-15. What is the greatest common factor of 58 and s?
29
Let t = 188 + -118. Suppose -5*r = -6*r + t. Calculate the greatest common divisor of 10 and r.
10
Let c(f) = -f**3 + 16*f**2 - 14*f + 13. Let x be c(10). What is the greatest common divisor of 43 and x?
43
Let o(w) = 2*w**3 - 3*w**2 + 4*w - 1. Let f be o(2). Calculate the greatest common factor of 253 and f.
11
Let f be (-6 - -9)/((-12)/(-160)). What is the greatest common factor of 15 and f?
5
Let n(h) = 22*h - 67. Let t be n(4). What is the greatest common divisor of t and 3?
3
Suppose 20 = 5*z + w, 5*z + 4*w - 14 = 21. Suppose -20*d = -z*d - 136. Suppose 58 - 186 = -4*j. What is the greatest common factor of j and d?
8
Let s be ((-4422)/(-132))/((-2)/(-48)). What is the greatest common factor of 12 and s?
12
Let a(u) = -u**2 + 8*u - 1. Let i be a(6). What is the greatest common factor of i and 88?
11
Suppose 2*b + 2*b - 18 = -o, b - 12 = -4*o. Suppose -b*w + 435 = 3*d + w, 0 = 2*d - 2*w - 306. Calculate the greatest common divisor of 25 and d.
25
Suppose -12*m - 12 = -15*m. Suppose -m*x - 2*s = -154 + 60, 4*x - 95 = -s. What is the greatest common factor of 32 and x?
8
Let z be 273*((-112)/21 - -6). Calculate the highest common divisor of 56 and z.
14
Suppose 0 = -z - 2*z + 6. Suppose -595*u + 633*u = 152. Calculate the greatest common factor of u and z.
2
Let m = -42 - -49. What is the greatest common factor of 7 and m?
7
Let p(z) = -z**3 - 15*z**2 - 27*z - 2. Let m be p(-13). What is the highest common factor of m and 176?
11
Let v(w) = -2*w + 45. Let z be v(-23). Let n = 136 - z. Calculate the highest common divisor of 9 and n.
9
Let h = -83 + 85. What is the greatest common divisor of 11 and h?
1
Suppose 4*s - s - 12 = 0. Let z(o) = o**2 - 3*o + 4*o**2 + 2 - 4 - 4*o**2. Let g be z(6). Calculate the greatest common divisor of g and s.
4
Suppose 2008 = -173*c + 175*c. What is the greatest common factor of 4 and c?
4
Let c(m) = -20*m + 7. Let v(z) = -19*z + 8. Let w(p) = -7*c(p) + 6*v(p). Let f be w(3). Let s = 17 + -10. What is the greatest common factor of s and f?
7
Let l(w) = -16*w + 96. Let v be l(5). Calculate the highest common divisor of v and 4.
4
Let q(p) = -p**2 + 1. Let n be q(1). Suppose n*m - 3*m + 18 = 0. Suppose 99*o - 12 = 97*o. What is the greatest common factor of m and o?
6
Let j be 6*(-17)/(561/(-44)). Calculate the highest common divisor of j and 5.
1
Let v(p) = 16*p + 13. Let m be v(9). Let f = m - 52. Let s(a) = 14*a**3 + a**2 - a + 1. Let x be s(1). What is the highest common factor of x and f?
15
Let f = -14 - -36. Let y = 28 - f. What is the highest common factor of y and 8?
2
Let q(w) = 16*w**3 + 5*w**2 - 11*w. Let n be q(6). What is the greatest common divisor of n and 34?
34
Let w = 25 - 18. Let z = -152 + 187. What is the highest common factor of z and w?
7
Suppose 4*r = 16, 0*r = -3*k - 2*r + 170. Suppose -3*s + 2 = j - 12, -2*s = -2*j - 20. Calculate the highest common factor of s and k.
6
Suppose -5*h = -2*o - 964, -2*o + o = h - 190. What is the highest common factor of 48 and h?
48
Let t(r) = -9*r - 23. Let o be t(-4). Suppose -3*y = -3*n + 111, -n + 2*n = 2*y + 35. Calculate the greatest common factor of o and n.
13
Let k be (-9*4/(-12))/((-3)/(-46)). Let g = 36 + 10. Calculate the highest common divisor of k and g.
46
Let l(x) = 2*x - 56. Let u be l(32). Calculate the highest common divisor of 40 and u.
8
Let v(s) = -s**2 - 14*s + 45. Let z be v(-15). Let t(u) = -u**3 + 9*u**2 + 3*u - 12. Let i be t(9). What is the greatest common divisor of i and z?
15
Suppose 2*j = -2*a + 50, a + 56 = 3*a - j. Suppose -2*b - l + 19 = 0, 5*b + 2*l - a = 2*b. Calculate the greatest common divisor of b and 88.
11
Let f(g) = -g**3 + 7*g**2 + 9*g - 5. Let o be f(6). Let u = -1 + 2. Let w be (-18 + u)*(-1 + -1). Calculate the highest common divisor of w and o.
17
Suppose 900 = -71*o + 75*o. Calculate the greatest common divisor of o and 525.
75
Let i be 10/6*6/(-8)*-88. Let a(u) = 3*u - 12. Let v be a(-6). Let r be (v/(-2))/(9/6). Calculate the highest common factor of i and r.
10
Let r(h) = 5*h**2 + 7*h - 3. Let w be r(7). Suppose -447 = -z - 2*z + 5*m, -m - w = -2*z. Let l be 21/35 + z/10. What is the highest common divisor of 10 and l?
5
Let i = -69 - -71. Suppose -15 = -2*p - 2*b + 3, 4*p - 28 = -i*b. Let q be (-2)/(-1 + 106/110). Calculate the highest common divisor of q and p.
5
Suppose -6*y = 7*y - 39. Suppose 2*u = 7 - 1. Calculate the greatest common divisor of u and y.
3
Let w be (-47 - -54) + 7*3. What is the highest common factor of w and 2268?
28
Let v(n) = 4*n**2 + n - 5. Let s be v(-4). Let p be ((-30)/9 - -4)/(2/33). Calculate the highest common divisor of s and p.
11
Let b(u) = u**2 + u + 3. Let l be b(-3). Let o = 400 + -328. What is the highest common divisor of l and o?
9
Suppose 272*y - 281*y = -108. Calculate the greatest common factor of 51 and y.
3
Suppose 0 = 2*k - 2, -5*c + 2*k + 7 = -6. Let r(x) = 5*x - 7. Let a be r(c). Suppose -5*d + 33 = -7. Calculate the greatest common factor of a and d.
8
Let v(w) = -2890*w + 20266. Let r be v(7). Suppose -2*j + 5*j = 5*b + 34, j + b - 6 = 0. What is the greatest common factor of j and r?
4
Suppose -2*t + 3*t - 20 = 0. Suppose -3*n + 588 = n. Let o = -87 + n. What is the highest common factor of o and t?
20
Suppose -2*c - u + 10 = 0, 10*c - 4*u = 8*c. Suppose -2*o + c*s = o - 210, -4*o + 4*s + 280 = 0. Calculate the highest common divisor of 20 and o.
10
Let b be (86 - 85) + (-1 - -10). Calculate the highest common factor of 20 and b.
10
Suppose 5*z - 7*q + 3*q = 1910, -1528 = -4*z - q. Calculate the highest common factor of 2 and z.
2
Let y be ((-8)/3)/((-11)/(-1749)). Let 